= x*k + 760. What is the greatest common factor of k and 35?
5
Let w(v) = v**2 + 6*v + 6. Let m = -233 + 233. Let d be w(m). What is the highest common factor of 15 and d?
3
Suppose -2*d + v = -77, -5*d - 5*v + 473 - 333 = 0. Suppose 2*n = -3*h + 15 + 25, -20 = -h - 2*n. Calculate the highest common divisor of h and d.
5
Suppose 0 = 10*p - 11*p - 15. Let l be p/5 + (2 + -38)/(-4). Suppose -t = -4*a + l, -10 = -3*t - a - a. What is the greatest common factor of 22 and t?
2
Let s be ((-2158)/(-65))/((-2)/(-10)). Let b = 274 - s. Let y(k) = -5*k - 3. Let f be y(-3). Calculate the greatest common divisor of f and b.
12
Let w be (-45)/5*(-1)/3. Suppose -w*y + 94 = -44. Suppose y = 2*v + 10. Calculate the greatest common divisor of 36 and v.
18
Let a be 15/6*1008/630. Calculate the greatest common factor of 3464 and a.
4
Suppose -84 + 426 = 2*j. Suppose -35*o + 449 + 181 = 0. What is the highest common divisor of j and o?
9
Let v = 332 + -120. Let u = v - 193. Let i = 94 - -1. What is the highest common factor of i and u?
19
Let i = -39 - -37. Suppose 1 - 44 = 2*a + 3*t, 0 = 4*t - 20. Let m be (i/5)/(a/145). Calculate the highest common factor of 6 and m.
2
Let j be (-8820)/(-40) - (3/6 - 0). Let p(f) = 3*f + 2. Suppose u + m = 7, -5*m = 2*u - 7 - 10. Let k be p(u). Calculate the greatest common divisor of j and k.
20
Let r(t) be the second derivative of 2*t**3/3 + 21*t**2 + 31*t. Let x be r(-10). What is the greatest common factor of 22 and x?
2
Let d(y) = 19*y + 99. Let p(q) = 5*q + 25. Let o(i) = 2*d(i) - 9*p(i). Let n be o(-7). Calculate the highest common divisor of 11 and n.
11
Let i = 360 + -42. Suppose -5*t - 175 = 2*f - 951, 0 = 2*t - 3*f - i. What is the highest common divisor of 24 and t?
12
Suppose 24*y + 23*y - 35*y = 4740. What is the highest common factor of y and 1?
1
Let p be (-990)/(-16) - 21/(-168). Let k(z) = -2*z + 4. Let a be k(7). Let h = a + p. Calculate the greatest common divisor of 78 and h.
26
Suppose -3*m + 113 + 292 = 0. Suppose 3*z + 5*i = 339, -z = -21423*i + 21427*i - 120. Calculate the greatest common factor of z and m.
27
Suppose -3*x - 5*b + 119 = 0, 2*x = -53*b + 51*b + 86. Calculate the greatest common divisor of x and 126.
6
Suppose 69*a - 24025 = 50495. Calculate the highest common divisor of 675 and a.
135
Let b(k) = -k**3 + 7*k**2 - 4*k - 108. Let d be b(-6). What is the greatest common factor of 216 and d?
24
Suppose -3*i - 20 = x + i, 15 = x - 3*i. Suppose 9*t - 5*t = x. Suppose -7*v - 53 + 130 = t. Calculate the greatest common divisor of 88 and v.
11
Let h = -227 + 227. Suppose -c + 6 = -h*y + y, -3*y + 3*c + 24 = 0. Calculate the highest common factor of y and 448.
7
Let l(f) = 2*f**3 - 7*f**2 + f + 7. Let w be l(5). Let z be (3 - w/15)/((-6)/150). What is the highest common divisor of z and 14?
14
Suppose s - z + 126 = 0, 7*s = 2*s + 3*z - 630. Let n = 278 + s. Calculate the highest common divisor of 8 and n.
8
Let g(d) = 55*d + 1232. Let b be g(-12). What is the greatest common divisor of b and 72?
4
Let q = 3091 - 745. Calculate the greatest common factor of 92 and q.
46
Let r = 12986 - 623. Calculate the highest common divisor of r and 78.
39
Let w(x) = 72*x + 4. Let n be w(6). Let s be (-5)/15 - n/(-12). Suppose 3*f + s = 3*z, 5*z - 45 = 2*f + 3. Calculate the greatest common factor of 32 and z.
8
Let c be 16/(-2) - (-19 + 4) - -81. What is the greatest common factor of 693 and c?
11
Let t be 74 + (7 - 0) + -3. Let i = t + -70. Let k be (-1)/(3*(-1)/24). Calculate the greatest common factor of i and k.
8
Suppose 9*a - 12 = 6*a. Suppose -a*p = -r - 88, r + 11 = 2*p - 35. Let m be p/15 - (-8)/(-20). Calculate the highest common divisor of 7 and m.
1
Let g be (0 - -10) + 0/3. Let d be 90/8*((-36)/66 + 4860/198). Calculate the highest common factor of d and g.
10
Let m = 142 + -113. Let k(s) = 75*s + 2. Let w be k(3). Let z = w - 111. What is the greatest common divisor of m and z?
29
Let v(j) = 190*j - 694. Let m be v(53). Calculate the highest common factor of 64 and m.
32
Suppose 5*f - 3*w - 395 = -8*w, -233 = -3*f - 4*w. Let v = f - 72. What is the greatest common divisor of v and 187?
11
Let m(o) = 74*o + 1106. Let q be m(-5). Calculate the greatest common factor of 912 and q.
16
Let b be (-10)/(-18 - -48)*-540. Calculate the greatest common divisor of 840 and b.
60
Let x = 262 - 295. Let a be -800*(x/6)/11. Calculate the greatest common factor of a and 160.
80
Suppose -13*m + 4*n - 745 = -8*m, -n = m + 140. Let q = m + 183. Suppose 3*s = 167 + 859. What is the highest common divisor of s and q?
38
Suppose -5*z + 57301 - 13257 = 39*z. Calculate the highest common divisor of 1309 and z.
77
Suppose 2*g = -4*n - 29 + 421, 3*g + 18 = 0. Let h be 0 + (-100)/(2 + -1). Let t = h + n. What is the greatest common divisor of t and 2?
1
Suppose 26 = l + m, -26*l = -22*l - 4*m - 96. Calculate the greatest common factor of l and 3650.
25
Suppose -4*g = -2*p - 2604, 5*g + 2*p = p + 3234. Calculate the highest common factor of 312 and g.
24
Let y be ((-10)/(-6))/((-3)/(-9)). Suppose -2*t = -5*k + 65, -y*k - 14 = -t - 74. Suppose -3 = -2*a - a. Calculate the highest common divisor of a and k.
1
Let n = 22 - 18. Suppose -4*h + f + 76 = -0*f, -2*h + 20 = n*f. Calculate the greatest common factor of 90 and h.
18
Let o = -10359 + 10493. Let k = 514 + -179. What is the highest common factor of o and k?
67
Let q(v) = 810*v + 9015. Let m be q(-11). Calculate the greatest common divisor of m and 1785.
105
Let t be 13122/45 - (-4)/10. Suppose -5*k + 2*n + t = 68, 0 = n - 3. Let q = -39 + k. Calculate the highest common factor of 28 and q.
7
Let l = -84011 - -131918. What is the greatest common divisor of 9 and l?
9
Let z be 4/(-34) - 11/((-374)/548). Let a = 60 - z. What is the greatest common factor of 297 and a?
11
Let k(b) = b**2 - 478*b + 2857. Let n be k(6). Calculate the highest common factor of n and 12725.
25
Let t(a) = -2*a**2 + 100*a - 364. Let r be t(46). What is the greatest common factor of r and 164?
4
Suppose -6*c - 176 = -17*c. Let m(t) = -45*t - 5. Let h be m(-1). Calculate the highest common factor of h and c.
8
Suppose -5 = 4*l - 2*p - p, 4*p - 10 = 2*l. Let b be -18 + 21 + l + 4. Suppose -y + 208 = y. What is the highest common factor of b and y?
8
Let i(l) = -20*l**2 + 10. Let z = 221 - 221. Let s be i(z). Calculate the greatest common factor of 130 and s.
10
Let u(y) = -y**3 - 27*y**2 - 49*y + 29. Let r be u(-25). Suppose -7 = -r*o + 69. Calculate the highest common divisor of o and 171.
19
Let n be (-119)/(7 - 72/10). Calculate the greatest common divisor of n and 119.
119
Suppose -36*n + 31*n = 5*a - 2925, -2*n - 597 = -a. Calculate the highest common divisor of a and 703.
19
Let p = -2 - -5. Suppose -1719 = -p*u - 279. Suppose -4*a + u = -a. What is the greatest common factor of 20 and a?
20
Let c = -2450 + 2479. Let s = -36 - -55. Let u = s + c. What is the highest common factor of u and 3?
3
Suppose 0 = 2*o - 12 - 6. Let c(b) = -b**3 - 40*b**2 + 21*b + 903. Let g be c(-40). What is the greatest common divisor of g and o?
9
Let h = 15197 - 14959. Calculate the greatest common factor of h and 686.
14
Suppose 0*u + 4*u = -40. Let z be u*((-24)/(-30) - 5). Calculate the highest common divisor of z and 168.
42
Suppose 3*t + 2*l = 4955, -2*t - 552*l + 555*l + 3286 = 0. Calculate the greatest common factor of 194 and t.
97
Let y(t) = 59*t + 23. Let o be y(0). What is the greatest common divisor of o and 13501?
23
Let a(y) = -34*y**2 + 564*y - 50. Let h be a(16). Calculate the highest common factor of 54 and h.
54
Suppose 0 = 42*j - 3434 + 536. What is the highest common factor of 4623 and j?
69
Suppose t - i = 4971 + 7112, -5*t + 4*i + 60423 = 0. Calculate the highest common divisor of 214 and t.
107
Let k(m) be the second derivative of 22*m**3/3 - m**2 - 6*m + 6. Let p be k(1). Calculate the highest common factor of p and 28.
14
Let c(w) = 5*w**2 + w - 88. Let j be c(-7). Calculate the highest common factor of j and 15750.
150
Let t(b) = -b**2 + 13*b + 264. Let p be t(24). Let a(k) = -k**3 + k**2 + 3*k + 58. Let i be a(p). Calculate the greatest common divisor of 493 and i.
29
Suppose -6*n + 49 = -161. Suppose 0 = n*v - 15*v - 560. Let w(b) = -b**3 + 3*b**2 + 4*b + 4. Let j be w(4). What is the g